are the prime factors of u?
31
Let p = 2 + -2. Suppose 7*r = 10 + 32. Let b = r + p. List the prime factors of b.
2, 3
Suppose 0 = -3*i - 3*v + 2*v + 1215, 2*i - v - 805 = 0. Suppose 10*c - 14*c - 599 = -3*u, -2*u = -5*c - i. List the prime factors of u.
197
Let b(w) = 7*w + 8. Suppose -10*p + 66 = -7*p. What are the prime factors of b(p)?
2, 3
Suppose 7*r - 1664 = 3*r. What are the prime factors of r?
2, 13
Suppose 10 = 5*j, -16*j = -2*u - 20*j + 4612. What are the prime factors of u?
2, 1151
Let h(r) = r**3 + 28*r**2 - 64*r - 44. What are the prime factors of h(-30)?
2, 19
Let b(t) be the first derivative of -4*t**3/3 - 5*t**2 + 27*t - 3. Let f(v) = 2*v**2 + 5*v - 13. Let j(k) = 2*b(k) + 5*f(k). List the prime factors of j(-5).
2, 7
Suppose 20 = 5*o, -211 = -2*q - o + 237. What are the prime factors of q?
2, 3, 37
Let c(h) = -4 + 2*h - 3*h + 5 - 2. Let a be c(-9). Let s(f) = f**2 - 7*f - 2. List the prime factors of s(a).
2, 3
Let p = -4788 + 8684. List the prime factors of p.
2, 487
Let w = -2 + 7. Suppose 25 = -w*q, -2*p = -p + q - 21. List the prime factors of p.
2, 13
Let a be (94/4)/((-2)/(-4)). Suppose 0 = -n - 4, -5*d + 2*n = 21 - 49. Suppose -5*y = -d*y - a. List the prime factors of y.
47
Let z(b) = b**3 + 22*b**2 - 18*b + 25. Let f be z(-20). Suppose -f = -5*k - 5*p - 95, 694 = 3*k - 5*p. List the prime factors of k.
223
Suppose -a = 2*a + 6. Let q be a - (-3 + 7 - 8). Suppose w + 63 = q*u, -148 = -5*u + 3*w + 8. What are the prime factors of u?
3, 11
Suppose 0 = 86*c - 69*c - 4199. List the prime factors of c.
13, 19
List the prime factors of (3/27*3)/(2/2460).
2, 5, 41
Suppose 8 = 6*z + 2. List the prime factors of (-2)/(4/(-14))*z.
7
Let u = 144 + -110. Let y = 130 + u. What are the prime factors of y?
2, 41
Let d be (-4)/2*10/4. Let q(k) be the first derivative of -k**3/3 - 3*k**2 + k - 104. What are the prime factors of q(d)?
2, 3
Suppose -4*f + 27 = 7*u - 2*u, 2*u - f - 3 = 0. Suppose -11 - 4 = -u*o. Suppose 0 = 2*i - 4*q - 18, 3*i + o - 21 = -5*q. List the prime factors of i.
7
Let w = -1 + -7. Let j(o) = -o + 8. Let i(b) = -1. Let q(m) = -3*i(m) + j(m). List the prime factors of q(w).
19
Let c(m) be the first derivative of -m**3/3 + 7*m**2/2 + 5. Let z be c(5). Suppose -2*j = -0*j - 3*k - 22, z = j - 2*k. What are the prime factors of j?
2, 7
List the prime factors of 47412/22 - (-23)/(-253).
5, 431
Let w = -201 - -469. List the prime factors of w.
2, 67
Suppose -16*d + 324 = -10*d. Let p = 173 - d. What are the prime factors of p?
7, 17
Suppose -2288 = -4*p + 4632. List the prime factors of p.
2, 5, 173
Suppose -t + 39 + 115 = 0. Let z = t + -96. What are the prime factors of z?
2, 29
Let p(s) = s**3 - 28*s**2 + 3*s + 12. List the prime factors of p(28).
2, 3
Let s = -23 - -44. Let i = s - -14. List the prime factors of i.
5, 7
Let a be (5/3)/((-3)/(-18)). Let s = 23 + -1. Let k = s - a. What are the prime factors of k?
2, 3
Let l(t) be the second derivative of 73*t**5/10 + t**4/6 + t**3/6 - t**2/2 - 7*t. What are the prime factors of l(1)?
2, 37
Let v be (357/28)/((-2)/(-8)). Suppose v*o = 47*o + 208. List the prime factors of o.
2, 13
List the prime factors of 27/(-81) + 607/3.
2, 101
Let c(x) = 223*x**2 + 16*x + 35. What are the prime factors of c(-2)?
5, 179
Let n = -11 - -21. Suppose -3*z = -2*u - 2*z + n, -z + 11 = 5*u. List the prime factors of u.
3
Suppose -4*j + 4*l - 8 = -0, 16 = -2*j + 5*l. List the prime factors of 23/1 - (j + -5).
2, 13
Suppose 0 = k + 3 - 5, -2*j + 5*k + 2750 = 0. What are the prime factors of j?
2, 3, 5, 23
Suppose 0 = -f + 5 + 11. Let y be (1 + 21)/((2 + 10)/6). What are the prime factors of (y/(-4))/((-4)/f)?
11
Suppose 0 = -9*o + 2*o + 791. List the prime factors of o.
113
Let k(b) = 526*b**3 + 2*b**2 + 7*b - 7. What are the prime factors of k(1)?
2, 3, 11
Suppose 0*g + 6 = 3*g, -g = w - 2. Suppose 2*q + 3*y = 2*y - 58, 3*q - 5*y + 100 = w. List the prime factors of (q/4)/(6/(-32)).
2, 5
Let f(b) = b + 23. Suppose 5*v + 3*y = -57, v + 3*y + 25 = 4. What are the prime factors of f(v)?
2, 7
Let a(k) = 983*k - 52. What are the prime factors of a(2)?
2, 3, 11, 29
Suppose -14*c + 741 = -11*c. What are the prime factors of c?
13, 19
Let k be (-4 - -1 - -5) + 1. What are the prime factors of -4 + 44*4 + k?
5, 7
Suppose -3*k + 10 = 2*k. Suppose 2*j + 60 = b, 120 = 2*b + k*j - 5*j. Suppose -7*m + b = -m. List the prime factors of m.
2, 5
Let g = -52 + 123. Suppose -3*r = n - 270, 3*n + 2*n = -5*r + 450. Suppose -4*m = 3*t - g, -5*m - 3*t - t = -r. What are the prime factors of m?
2, 7
Suppose 7*q - 5*q = 5*v + 940, q - v - 467 = 0. List the prime factors of q.
3, 5, 31
Let d = 33 - -926. List the prime factors of d.
7, 137
Let u(b) = -b**3 + 7*b**2 + 3. Let w be u(7). Suppose 2*v = -2*g, 0 = v - g - w*g. Suppose -36 + v = -6*d. List the prime factors of d.
2, 3
Let w(r) = r**2 + 3*r + 524. What are the prime factors of w(0)?
2, 131
Suppose 2*n + 14*i = 16*i + 3768, 3*i = 0. What are the prime factors of n?
2, 3, 157
Let k = -1519 + 2303. What are the prime factors of k?
2, 7
Let j(a) = 89*a + 39. List the prime factors of j(46).
4133
Let v = -172 + 166. What are the prime factors of 5/(10/v) + 276?
3, 7, 13
Let k be 29 + (-2 + 1 - 2). Suppose 68 = w + k. Let j = w - 26. List the prime factors of j.
2
Suppose -12*d = -198 - 54. List the prime factors of 2 - ((-8)/(-2) - d).
19
Suppose -4*p - 3*a = -7*a - 2008, 5*p + a = 2498. What are the prime factors of p?
2, 5
Let q = 16 + -23. Let f(o) = 3*o**2 + 5*o + 1. List the prime factors of f(q).
113
Let f(i) = i + 11. Let a be f(-6). Suppose -a*g + 55 = -65. Suppose g = 3*v - 15. List the prime factors of v.
13
Let z(n) be the first derivative of n**4/4 - n**3/3 - n**2/2 + 12*n - 31. Let s be (0/(1 + -2))/1. List the prime factors of z(s).
2, 3
Let b(n) = -2*n**2 + 8*n - 5. Let d(s) = s + 5. Let w be d(0). Let v be b(w). What are the prime factors of ((-10)/v)/((-2)/(-78))?
2, 13
Let t = 2348 + -314. List the prime factors of t.
2, 3, 113
Let u be (4 - -80)*(-1 - 3/(-2)). List the prime factors of (6/(-4))/((-7)/u).
3
Suppose -171 = -12*h + 3*h. What are the prime factors of h?
19
What are the prime factors of 4659/(21/7) + 4?
3, 173
Let p = -1316 - -2630. What are the prime factors of p?
2, 3, 73
Let f be ((-45)/6 - -3)*28. Let q = f - -285. What are the prime factors of q?
3, 53
Suppose 0 = -5*i - 4*c + 8264, 0 = 2*c + 198 - 190. What are the prime factors of i?
2, 3, 23
Let j(w) = w**2 + 6*w + 3. Let b be j(-6). Suppose 0 = -b*x + 3*r + r + 267, x = 5*r + 89. List the prime factors of x.
89
Let p = -27 + 471. What are the prime factors of p?
2, 3, 37
Let c = -14 + 10. Let f be (48/(-40))/(2/(1 + 99)). List the prime factors of 14/c*f/21.
2, 5
Suppose 3*l + 0*l - 3 = 0. Let m be 2 + (-1)/l + -3. What are the prime factors of (-3)/m*26 + 2?
41
Suppose 39*i - 37*i - 1450 = 0. What are the prime factors of i?
5, 29
Let a be -3 - (-380)/9 - (-8)/(-36). Suppose 34*y - a*y + 145 = 0. List the prime factors of y.
29
Let u(g) = -g**2 - 22*g + 6. Let l be u(-15). What are the prime factors of (-2*l/2)/(87/(-58))?
2, 37
Let s = 728 + -531. What are the prime factors of s?
197
Let v be (65 - -1) + (-6)/3. Let o = v + -46. List the prime factors of o.
2, 3
Let n be (-3 + 74/6)/((-4)/(-12)). Suppose -p + u + u - 6 = 0, 4*u = p + 16. Suppose 0*s - p*q = -3*s + n, -1 = q. List the prime factors of s.
2
Suppose -2*k + 155 = 3*k. Let a = k - -11. Suppose -3*x + 3 + a = 0. List the prime factors of x.
3, 5
What are the prime factors of (-39)/91 + -3*(-2638)/42?
2, 47
Let v be -3*12/(-9)*(-394)/(-8). Suppose -v = 28*y - 29*y. What are the prime factors of y?
197
Suppose 3*r + 6 = 0, 187 = 5*m - 2*r - 272. Let u = -38 + m. What are the prime factors of u?
53
Suppose 2*t - q = 3*q + 142, q = 5*t - 319. List the prime factors of t.
3, 7
Let u = -12 + 15. Suppose u*g + 52 = 397. List the prime factors of g.
5, 23
What are the prime factors of (19 - 18)*(-726)/(-3)?
2, 11
Let m = -1 - -7. Suppose -33 = 3*k - 3*j + m*j, 0 = 3*j + 3. What are the prime factors of 4/k + (-17)/(-5)?
3
Let n = 426 + 17. List the prime factors of n.
443
Let v(n) = n - 8. Let z be v(-8). Let r be (-10)/(-25) + z/(-10). Suppose 2*s - u - 85 = -0*s, -10 = -r*u. List the prime factors of s.
3, 5
